 = 20*z**3 - 7*z**2 - z + 8. Determine y(3).
482
Let s(x) = -685*x - 4118. Determine s(-6).
-8
Let u(i) = -205*i - 3066. What is u(-15)?
9
Let n(d) = 1108*d - 5463. Give n(5).
77
Let c(x) = -206*x - 133. Determine c(-1).
73
Let h(c) = 7*c**2 - 26*c + 59. Determine h(3).
44
Let v(i) = -i**3 + 6*i**2 + 23*i - 50. What is v(8)?
6
Let b(r) = 34*r**2 - 813*r - 4. What is b(24)?
68
Let f(t) = -262*t - 1259. What is f(-5)?
51
Let v(c) = -c**3 + 21*c**2 + 56*c + 1. Give v(23).
231
Let n(s) = s**2 - 54*s + 357. Determine n(42).
-147
Let r(p) = p**2 + 12*p - 12. Give r(-14).
16
Let k(x) = -x**3 - 6*x**2 + 8*x. What is k(-7)?
-7
Let s(c) = -1774*c - 17739. Give s(-10).
1
Let f(l) = -l**2 - 31*l + 142. Determine f(5).
-38
Let x(t) = -t**3 - 113*t**2 - 232*t - 17. Determine x(-2).
3
Let w(v) = v**3 - 4*v**2 + 10*v + 1. What is w(4)?
41
Let w(l) = 2*l**2 - 68*l - 13480. Calculate w(101).
54
Let q(t) = -20*t**2 + 115*t - 26. What is q(6)?
-56
Let f(n) = 150*n + 1546. What is f(-12)?
-254
Let x(p) = -2*p**3 + 134*p**2 + 263*p + 897. Give x(69).
0
Let h(z) = 417*z - 2081. Determine h(5).
4
Let f(c) = -c**3 + 20*c**2 - 33*c + 257. Calculate f(19).
-9
Let r(i) = -i**3 + 25*i**2 - 151*i + 923. Give r(20).
-97
Let c(a) = -a**3 - 12*a**2 - 7*a + 36. Determine c(-11).
-8
Let c(w) = -16*w + 62. Give c(7).
-50
Let w(z) = 567*z - 3413. Calculate w(6).
-11
Let x(l) = 3*l**2 + 96*l - 315. Calculate x(3).
0
Let m(z) = 15*z - 22. Determine m(-5).
-97
Let l(i) = i**2 + 29*i + 139. What is l(-12)?
-65
Let u(f) = -f**3 - 103*f**2 - 309*f - 897. Give u(-100).
3
Let d(u) = -16*u + 489. What is d(31)?
-7
Let x(l) = 114*l - 1712. Calculate x(15).
-2
Let d(i) = 2*i**3 - 49*i**2 + 22*i + 77. Determine d(24).
29
Let p(m) = -2*m**3 - 71*m**2 + 108*m - 79. What is p(-37)?
32
Let l(m) = -214*m + 9. Calculate l(0).
9
Let p(g) = 440*g + 23319. Determine p(-53).
-1
Let q(w) = w**3 + 65*w**2 - 53*w + 867. Calculate q(-66).
9
Let j(c) = -c**3 + 45*c - 102. Calculate j(3).
6
Let h(w) = -w**3 + 13*w**2 + 11*w - 15. What is h(14)?
-57
Let f(y) = 139*y + 7. Calculate f(-3).
-410
Let c(h) = 14*h + 24. What is c(1)?
38
Let u(q) = -3*q**3 - q**2 + 16*q - 33. Give u(2).
-29
Let k(g) = -41*g**2 + 782*g - 46. What is k(19)?
11
Let z(c) = c**3 - 14*c**2 + 49*c - 734. Give z(14).
-48
Let b(l) = -l**2 + 68*l + 789. Give b(-10).
9
Let h(a) = -93*a - 483. Determine h(-5).
-18
Let h(x) = -54*x**2 - 63*x + 133. Determine h(2).
-209
Let c(r) = 6*r**2 + 34*r + 11. What is c(-3)?
-37
Let h(z) = -15*z**2 + 516*z - 203. What is h(34)?
1
Let j(z) = 4*z**2 + 95*z - 24. Give j(-25).
101
Let x(z) = z**3 + 56*z**2 + 161*z + 139. Calculate x(-53).
33
Let x(d) = -d**3 - 16*d**2 + 20*d - 37. Determine x(-17).
-88
Let d(j) = 11*j**2 - 74*j - 10. Determine d(5).
-105
Let w(j) = 11*j**2 + 213*j + 36. Calculate w(-17).
-406
Let q(k) = -2*k**2 + 73*k + 102. What is q(42)?
-360
Let j(p) = 5*p**3 + 8*p**2 + 82*p - 90. What is j(1)?
5
Let j(h) = h**2 + 24*h - 848. Calculate j(-37).
-367
Let q(a) = -2*a**3 - 23*a**2 + 100*a - 71. What is q(-15)?
4
Let r(w) = w**3 + 20*w**2 + 5*w + 95. Calculate r(-20).
-5
Let v(u) = -25*u**2 - u + 1. Calculate v(-3).
-221
Let z(l) = -1655*l + 6643. What is z(4)?
23
Let g(n) = -n**2 - 797*n - 56072. What is g(-78)?
10
Let z(u) = -3*u**3 + 34*u**2 - 120*u + 1199. What is z(11)?
0
Let t(b) = -b**2 - 84*b - 590. What is t(-8)?
18
Let v(p) = p**2 + 561*p + 3886. Determine v(-7).
8
Let n(c) = -12*c**3 + c + 9. Determine n(3).
-312
Let u(c) = -23*c**3 - 5*c**2 - 18*c + 48. Calculate u(2).
-192
Let x(h) = 72*h - 2757. What is x(38)?
-21
Let j(l) = 545*l**2 + 1627*l + 6. What is j(-3)?
30
Let m(l) = -l**2 + 1129*l - 16671. Determine m(15).
39
Let w(d) = -d**3 + 131*d**2 + 266*d - 39. Calculate w(133).
-39
Let f(y) = 2*y**3 - 59*y**2 - 466*y - 78. What is f(36)?
-6
Let w(v) = -v**2 + 19*v + 265. Calculate w(27).
49
Let s(p) = 10*p**2 + 81*p + 125. Give s(-6).
-1
Let w(t) = -7*t**2 + 17*t + 85. Calculate w(11).
-575
Let c(i) = -3*i**2 - 21*i - 61. Determine c(-4).
-25
Let k(h) = -6*h - 100. Calculate k(-17).
2
Let d(f) = -164*f + 5278. Give d(32).
30
Let s(c) = c**3 - 3*c**2 - 15*c + 44. Calculate s(3).
-1
Let d(r) = 313*r + 2366. Give d(-8).
-138
Let y(p) = p**3 + 10*p**2 - 18*p - 5. Give y(-5).
210
Let o(g) = 123*g**2 - 2583*g + 6. Determine o(21).
6
Let s(u) = -1978*u + 7898. Give s(4).
-14
Let p(z) = 96*z + 1236. Determine p(-15).
-204
Let t(f) = -f**3 - 16*f**2 - 6*f - 408. Give t(-17).
-17
Let b(u) = -u**3 - 5*u**2 + 84*u - 16. Give b(-12).
-16
Let j(k) = 5*k**3 - 6*k**2 - 40*k - 32. Determine j(-2).
-16
Let o(h) = h**2 - 46*h + 524. Give o(24).
-4
Let m(x) = -x**3 - 27*x**2 - 61*x - 75. Give m(-25).
200
Let h(l) = 40*l - 267. Give h(0).
-267
Let t(x) = 2*x**3 + x**2 + 2*x - 6. Give t(-4).
-126
Let p(c) = 126*c + 1076. What is p(-9)?
-58
Let g(r) = -r**2 + 11*r - 15. Give g(-7).
-141
Let p(s) = 14*s - 218. Calculate p(-12).
-386
Let c(n) = n**3 + 23*n**2 + 11*n - 228. Determine c(-22).
14
Let h(l) = 18*l - 748. Determine h(42).
8
Let o(s) = -166*s - 6643. Give o(-40).
-3
Let x(k) = -372*k - 1487. Determine x(-4).
1
Let q(x) = 3010*x - 3017. What is q(1)?
-7
Let c(d) = 17*d**3 + 94*d**2 + 46*d + 9. Determine c(-5).
4
Let m(n) = 6587*n + 72450. Determine m(-11).
-7
Let t(g) = -186*g - 1871. Determine t(-10).
-11
Let o(n) = -n**3 - 16*n**2 - 4*n - 160. What is o(-16)?
-96
Let y(c) = -10*c**3 - c**2 - 39*c - 37. Give y(-1).
11
Let z(c) = 114*c - 23037. Determine z(202).
-9
Let j(q) = 94*q**2 - 131*q + 131. Calculate j(1).
94
Let c(f) = -359*f + 3232. Determine c(9).
1
Let c(d) = 4*d + 64. Calculate c(-37).
-84
Let k(z) = -4*z**2 - 224*z - 42. Calculate k(-56).
-42
Let i(p) = 10*p**2 - 14*p + 28. Give i(2).
40
Let z(p) = -129*p - 84. Determine z(-1).
45
Let w(n) = 125*n - 506. Give w(8).
494
Let f(j) = -j**3 - 23*j**2 - 121*j + 9. What is f(-9)?
-36
Let w(z) = -65*z**3 + 2*z**2 + 2*z + 2. Give w(-1).
67
Let a(u) = -14*u + 662. Give a(52).
-66
Let r(o) = o**3 + 70*o**2 + 972*o + 206. What is r(-51)?
53
Let j(a) = 27*a - 190. Determine j(4).
-82
Let f(t) = 19*t**2 + 57*t + 20. Determine f(-3).
20
Let y(c) = -c**2 + 4*c + 5. What is y(9)?
-40
Let w(f) = -f**3 + 9*f**2 + 335*f - 1420. Calculate w(4).
0
Let q(w) = -w**3 - 10*w**2 - 5*w - 2. What is q(-8)?
-90
Let o(v) = 5*v + 17. Give o(8).
57
Let a(o) = o**3 + 8*o**2 + 65*o + 257. Determine a(-5).
7
Let f(k) = -2*k**2 + 30*k + 99. Give f(28).
-629
Let v(k) = -2*k**3 - 26*k**2 + 180*k - 3. Calculate v(5).
-3
Let v(y) = 6*y + 128. Calculate v(-5).
98
Let m(b) = 2*b**2 + 4*b + 266. Determine m(11).
552
Let d(f) = -2*f**3 - 15*f**2 + 40*f + 330. What is d(-7)?
1
Let k(i) = -46*i + 9. Calculate k(3).
-129
Let r(l) = -4*l**3 - 157*l**2 + 111*l - 360. Calculate r(-40).
0
Let v(z) = z**2 - 84*z - 14109. What is v(-84)?
3
Let m(w) = -2*w**2 - 44*w + 29. Determine m(-23).
-17
Let o(z) = z**3 + 8*z**2 - 2*z - 12. Give o(-9).
-75
Let n(q) = -15*q**2 + q + 21. What is n(5)?
-349
Let u(f) = -48*f - 92. What is u(-2)?
4
Let v(u) = u**3 + 38*u**2 - 9*u - 17. What is v(-38)?
325
Let v(z) = -3*z**3 - 215*z**2 - 1805*z - 437. Calculate v(-62).
-3
Let o(v) = -22*v**3 - 267*v**2 + 8*v + 524. Determine o(-12).
-4
Let g(i) = 111*i**2 - 27*i. Give g(1).
84
Let a(q) = -118*q + 43. Determine a(-2).
279
Let s(g) = -25*g + 3351. Calculate s(126).
201
Let o(s) = -s**2 - 871*s - 7751. Determine o(-9).
7
Let g(m) = 3*m**2 - 64*m - 178. Determine g(24).
14
Let b(d) = -301*d - 1656. Calculate b(-6).
150
Let a(v) = -410*v + 5323. What is a(13)?
-7
Let w(s) = -2*s**2 - 91*s - 247. What is w(-3)?
8
Let x(n) = -n**3 + 156*n**2 + 639*n + 194. What is x(160)?
34
Let l(s) = s**2 + 40*s + 254. Determine l(-35).
79
Let d(j) = 2*j**2 + 182*j - 1856. Calculate d(10).
164
Let s(h) = h**2 + 38*h - 429. Give s(-39).
-390
Let j(n) = -468*n - 1398. Determine j(-3).
6
Let n(p) = -86*p**2 + 260*p - 13. Give n(3).
-7
Let r(v) = -2*v**2 + 56*v - 110. Determine r(28).
-110
Let o(w) = -2*w**2 - 105*w - 295. Calculate o(-3).
2
Let y(j) = -j**2 + 58*j - 833. What is y(30)?
7
Let f(d) = -82*d + 130. Calculate f(3).
-116
Let b(n) = 114*n + 659. Determine b(-6).
-25
Let z(p) = -2*p**2 - 1361*p - 5423. What is z(-4)?
-11
Let v(h) = h**3 - 31*h**2 - 142*h + 89. Calculate v(35).
19
Let c(p) = p**3 - 14*p - 23. What 